ighest common factor of 33650280 and 1260.
180
Calculate the greatest common factor of 740812 and 556.
4
Calculate the highest common divisor of 375 and 10458250.
125
Calculate the greatest common divisor of 138 and 80958804.
138
What is the greatest common divisor of 60 and 3114816?
12
Calculate the greatest common divisor of 1374182 and 37114.
482
Calculate the highest common divisor of 1107369 and 9.
9
What is the highest common factor of 21242273 and 996?
83
Calculate the greatest common divisor of 234356034 and 33.
33
What is the highest common factor of 219657 and 289867?
1003
What is the greatest common divisor of 16 and 7537592?
8
What is the greatest common divisor of 59654790 and 45?
45
Calculate the highest common factor of 219178908 and 2964.
2964
What is the highest common factor of 9315704 and 19376?
1384
What is the highest common divisor of 127475 and 13725?
25
What is the greatest common divisor of 2409706 and 910?
26
Calculate the highest common factor of 767 and 56849.
13
Calculate the greatest common divisor of 865 and 6387333.
173
Calculate the highest common divisor of 327 and 11487837.
327
Calculate the greatest common factor of 404049219 and 1722.
861
What is the highest common factor of 670 and 5190557?
67
Calculate the highest common divisor of 58857 and 125216988.
2559
What is the highest common factor of 78948 and 116892?
612
Calculate the greatest common factor of 34 and 33756798.
34
What is the greatest common divisor of 832 and 1237626?
26
What is the highest common factor of 221198542 and 27223?
3889
What is the greatest common divisor of 57 and 6840931?
19
What is the greatest common divisor of 27773950 and 10?
10
What is the greatest common divisor of 105098962 and 55543?
829
What is the highest common divisor of 1029449 and 48901?
79
Calculate the greatest common divisor of 104637653 and 811.
811
What is the greatest common divisor of 665628697 and 191?
191
What is the greatest common divisor of 214707672 and 30?
6
Calculate the highest common divisor of 100 and 1097528.
4
What is the greatest common divisor of 2121 and 27067341?
21
Calculate the highest common divisor of 1994 and 48611726.
1994
What is the highest common factor of 185644 and 1532?
4
What is the highest common factor of 12246604 and 34092?
3788
What is the greatest common divisor of 83727872 and 319?
29
What is the greatest common divisor of 20423 and 59384?
13
Calculate the highest common factor of 9031582 and 518.
14
What is the highest common factor of 2760765 and 945?
105
Calculate the highest common factor of 502 and 30826.
2
Calculate the highest common factor of 406 and 287406.
14
What is the greatest common factor of 885 and 75842730?
885
What is the greatest common factor of 484799 and 553?
7
What is the greatest common divisor of 50 and 164455?
5
What is the highest common divisor of 24784 and 244742?
3098
What is the highest common divisor of 1383 and 12739274?
461
What is the greatest common factor of 653448 and 37000?
8
Calculate the greatest common divisor of 1909 and 4730751.
83
What is the highest common divisor of 53120 and 2232640?
320
What is the highest common factor of 17612 and 677348?
476
Calculate the greatest common divisor of 1596 and 14777931.
21
Calculate the greatest common factor of 105 and 21245196.
21
Calculate the greatest common factor of 61299680 and 74360.
6760
What is the greatest common factor of 2 and 17514053?
1
What is the greatest common factor of 447371 and 45369?
71
What is the highest common factor of 36473910 and 330?
330
Calculate the highest common factor of 91 and 458787550.
13
Calculate the highest common divisor of 208 and 78289796.
52
What is the highest common factor of 100679787 and 1833?
39
Calculate the highest common factor of 1618902748 and 184.
92
Calculate the greatest common divisor of 81558435 and 210.
105
Calculate the highest common divisor of 6660048 and 19224.
2136
What is the greatest common divisor of 1048 and 93976?
8
Calculate the greatest common divisor of 534081924 and 603.
603
What is the greatest common factor of 1454214 and 13038?
318
What is the highest common divisor of 665 and 50538005?
665
What is the highest common factor of 167216 and 144928?
112
What is the greatest common divisor of 227505 and 16965?
435
Calculate the highest common factor of 2172 and 36068956.
724
Calculate the highest common divisor of 2588 and 2656582.
1294
Calculate the highest common factor of 280640 and 1293575.
4385
Calculate the highest common factor of 11544125 and 1625.
125
What is the greatest common factor of 2468 and 756442?
1234
Calculate the highest common factor of 189 and 16970436.
63
Calculate the highest common factor of 26 and 64667044.
26
Calculate the greatest common divisor of 4 and 3543972.
4
Calculate the greatest common factor of 700 and 2286349100.
700
What is the highest common factor of 27881255 and 365?
365
Calculate the greatest common factor of 5570 and 138640.
10
What is the highest common divisor of 5472 and 15712848?
2736
What is the highest common factor of 322 and 689798221?
161
What is the highest common divisor of 531 and 1858671?
9
Calculate the highest common factor of 10323 and 3420909.
333
Calculate the highest common factor of 205352 and 2584.
152
Calculate the greatest common divisor of 21 and 1768576110.
21
What is the highest common factor of 851816 and 378?
14
Calculate the highest common divisor of 10425 and 11489601.
417
Calculate the greatest common factor of 5088053 and 106.
53
What is the greatest common divisor of 1028956077 and 57?
57
Calculate the greatest common divisor of 1074 and 12071402.
358
Calculate the greatest common factor of 250668056 and 102908.
7916
Calculate the greatest common factor of 276189 and 365973.
129
What is the highest common factor of 1588538725 and 25?
25
Calculate the greatest common factor of 835865872 and 16.
16
What is the highest common factor of 4572 and 18347058?
18
What is the highest common divisor of 2806699 and 140581?
133
Calculate the greatest common factor of 300 and 86202900.
300
Calculate the highest common divisor of 14 and 127218026.
2
Calculate the greatest common divisor of 1134 and 845292.
42
Calculate the highest common factor of 120 and 54037380.
60
What is the highest common divisor of 28807504 and 22?
22
Calculate the greatest common divisor of 445942120 and 80.
40
Calculate the highest common factor of 1097 and 178812097.
1097
Calculate the highest common factor of 1494180 and 522180.
540
What is the highest common divisor of 3830952 and 4?
4
Calculate the greatest common divisor of 4608 and 2172416.
512
What is the greatest common divisor of 264 and 1753653?
33
What is the highest common divisor of 2225 and 1186103?
89
What is the greatest common factor of 24969 and 14303583?
609
Calculate the greatest common factor of 156 and 49796916.
156
Calculate the greatest common divisor of 6283 and 10219696.
61
What is the greatest common factor of 904381 and 2470?
19
Calculate the greatest common divisor of 17155 and 30034974.
3431
Calculate the greatest common divisor of 13021 and 281851.
29
Calculate the highest common factor of 9 and 123052896.
9
Calculate the highest common factor of 32015014 and 116.
58
Calculate the highest common divisor of 983571768 and 540.
108
Calculate the highest common factor of 1422 and 2529896.
158
Calculate the greatest common factor of 2011717 and 39095.
1117
Calculate the highest common divisor of 13158 and 755037.
387
What is the highest common factor of 723452 and 4556?
68
What is the highest common factor of 9013553 and 68?
17
What is the highest common factor of 134640 and 1191168?
1584
What is the greatest common factor of 48 and 26262036?
12
Calculate the greatest common factor of 21792652 and 588.
196
What is the highest common divisor of 31260 and 337860?
60
What is the greatest common divisor of 1881 and 33792?
33
Calculate the greatest common factor of 25624 and 14552.
8
What is the greatest common divisor of 558900 and 595700?
2300
What is the greatest common factor of 4018672 and 448?
112
Calculate the highest common factor of 3690223 and 73.
73
What is the highest common divisor of 1259440 and 68432?
1456
Calculate the greatest common divisor